{"id":87,"date":"2015-06-02T11:49:01","date_gmt":"2015-06-02T11:49:01","guid":{"rendered":"http:\/\/vitralesdelrosario.com.ar\/vitral\/?page_id=87"},"modified":"2016-12-20T14:02:25","modified_gmt":"2016-12-20T14:02:25","slug":"cursos","status":"publish","type":"page","link":"https:\/\/vitralesdelrosario.com.ar\/vitral\/cursos\/","title":{"rendered":"Cursos"},"content":{"rendered":"<p>&nbsp;<\/p>\n<table style=\"height: 317px;\" border=\"0\" width=\"850\" cellspacing=\"0\" cellpadding=\"0\">\n<tbody>\n<tr>\n<td width=\"350\"><a href=\"https:\/\/i0.wp.com\/vitralesdelrosario.com.ar\/vitral\/wp-content\/uploads\/2015\/05\/foto-cursos.jpg?ssl=1\"><img loading=\"lazy\" decoding=\"async\" data-attachment-id=\"840\" data-permalink=\"https:\/\/vitralesdelrosario.com.ar\/vitral\/estudio-taller\/foto-cursos\/\" data-orig-file=\"https:\/\/i0.wp.com\/vitralesdelrosario.com.ar\/vitral\/wp-content\/uploads\/2015\/05\/foto-cursos.jpg?fit=350%2C450&amp;ssl=1\" data-orig-size=\"350,450\" data-comments-opened=\"1\" data-image-meta=\"{&quot;aperture&quot;:&quot;0&quot;,&quot;credit&quot;:&quot;&quot;,&quot;camera&quot;:&quot;&quot;,&quot;caption&quot;:&quot;&quot;,&quot;created_timestamp&quot;:&quot;0&quot;,&quot;copyright&quot;:&quot;&quot;,&quot;focal_length&quot;:&quot;0&quot;,&quot;iso&quot;:&quot;0&quot;,&quot;shutter_speed&quot;:&quot;0&quot;,&quot;title&quot;:&quot;&quot;,&quot;orientation&quot;:&quot;0&quot;}\" data-image-title=\"foto-cursos\" data-image-description=\"\" data-image-caption=\"\" data-medium-file=\"https:\/\/i0.wp.com\/vitralesdelrosario.com.ar\/vitral\/wp-content\/uploads\/2015\/05\/foto-cursos.jpg?fit=233%2C300&amp;ssl=1\" data-large-file=\"https:\/\/i0.wp.com\/vitralesdelrosario.com.ar\/vitral\/wp-content\/uploads\/2015\/05\/foto-cursos.jpg?fit=350%2C450&amp;ssl=1\" class=\"alignnone size-full wp-image-840\" src=\"https:\/\/i0.wp.com\/vitralesdelrosario.com.ar\/vitral\/wp-content\/uploads\/2015\/05\/foto-cursos.jpg?resize=350%2C450&#038;ssl=1\" alt=\"foto-cursos\" width=\"350\" height=\"450\" srcset=\"https:\/\/i0.wp.com\/vitralesdelrosario.com.ar\/vitral\/wp-content\/uploads\/2015\/05\/foto-cursos.jpg?w=350&amp;ssl=1 350w, https:\/\/i0.wp.com\/vitralesdelrosario.com.ar\/vitral\/wp-content\/uploads\/2015\/05\/foto-cursos.jpg?resize=233%2C300&amp;ssl=1 233w, https:\/\/i0.wp.com\/vitralesdelrosario.com.ar\/vitral\/wp-content\/uploads\/2015\/05\/foto-cursos.jpg?resize=117%2C150&amp;ssl=1 117w\" sizes=\"auto, (max-width: 350px) 100vw, 350px\" data-recalc-dims=\"1\" \/><\/a><\/td>\n<td width=\"34\"><span style=\"font-size: 12px; line-height: 18px;\">\u00a0<\/span><\/td>\n<td width=\"570\">El taller posee instalaciones para el dictado de cursos grupales o personalizados,<br \/>\ndonde la ense\u00f1anza del antiguo arte pasa a sus manos para ser utilizado de la<br \/>\nmanera que Usted lo desee.<br \/>\n3 NIVELES: Iniciaci\u00f3n \/ Medios \/ AvanzadosCursos en Rosario o Via Internet.<\/p>\n<p>Inicio Pr\u00f3ximo Curso pedir m\u00e1s informaci\u00f3n:<br \/>\n<a href=\"mailto:vitralesdelrosario@arnet.com.ar\">vitralesdelrosario@gmail.com<\/a><\/td>\n<\/tr>\n<\/tbody>\n<\/table>\n","protected":false},"excerpt":{"rendered":"<p>&nbsp; \u00a0 El taller posee instalaciones para el dictado de cursos grupales o personalizados, donde la ense\u00f1anza del antiguo arte pasa a sus manos para ser utilizado de la manera que Usted lo desee. 3 NIVELES: Iniciaci\u00f3n \/ Medios \/ AvanzadosCursos en Rosario o Via Internet. Inicio Pr\u00f3ximo Curso pedir \u2026<\/p>\n<p class=\"continue-reading-button\"> <a class=\"continue-reading-link\" href=\"https:\/\/vitralesdelrosario.com.ar\/vitral\/cursos\/\">Continue reading<i class=\"crycon-right-dir\"><\/i><\/a><\/p>\n","protected":false},"author":1,"featured_media":0,"parent":0,"menu_order":0,"comment_status":"closed","ping_status":"closed","template":"","meta":{"ngg_post_thumbnail":0,"jetpack_post_was_ever_published":false,"footnotes":""},"class_list":["post-87","page","type-page","status-publish","hentry"],"jetpack_sharing_enabled":true,"jetpack_shortlink":"https:\/\/wp.me\/P6dcQG-1p","_links":{"self":[{"href":"https:\/\/vitralesdelrosario.com.ar\/vitral\/wp-json\/wp\/v2\/pages\/87","targetHints":{"allow":["GET"]}}],"collection":[{"href":"https:\/\/vitralesdelrosario.com.ar\/vitral\/wp-json\/wp\/v2\/pages"}],"about":[{"href":"https:\/\/vitralesdelrosario.com.ar\/vitral\/wp-json\/wp\/v2\/types\/page"}],"author":[{"embeddable":true,"href":"https:\/\/vitralesdelrosario.com.ar\/vitral\/wp-json\/wp\/v2\/users\/1"}],"replies":[{"embeddable":true,"href":"https:\/\/vitralesdelrosario.com.ar\/vitral\/wp-json\/wp\/v2\/comments?post=87"}],"version-history":[{"count":14,"href":"https:\/\/vitralesdelrosario.com.ar\/vitral\/wp-json\/wp\/v2\/pages\/87\/revisions"}],"predecessor-version":[{"id":937,"href":"https:\/\/vitralesdelrosario.com.ar\/vitral\/wp-json\/wp\/v2\/pages\/87\/revisions\/937"}],"wp:attachment":[{"href":"https:\/\/vitralesdelrosario.com.ar\/vitral\/wp-json\/wp\/v2\/media?parent=87"}],"curies":[{"name":"wp","href":"https:\/\/api.w.org\/{rel}","templated":true}]}}