{"id":7,"date":"2015-05-18T12:38:02","date_gmt":"2015-05-18T12:38:02","guid":{"rendered":"http:\/\/vitralesdelrosario.com.ar\/vitral\/?page_id=7"},"modified":"2015-06-16T19:50:36","modified_gmt":"2015-06-16T19:50:36","slug":"presentacion","status":"publish","type":"page","link":"https:\/\/vitralesdelrosario.com.ar\/vitral\/presentacion\/","title":{"rendered":"Presentaci\u00f3n"},"content":{"rendered":"<table style=\"height: 317px;\" border=\"0\" width=\"850\" cellspacing=\"0\" cellpadding=\"0\">\n<tbody>\n<tr>\n<td width=\"350\"><a href=\"https:\/\/i0.wp.com\/vitralesdelrosario.com.ar\/vitral\/wp-content\/uploads\/2015\/05\/estudio-daniel.jpg?ssl=1\"><img loading=\"lazy\" decoding=\"async\" data-attachment-id=\"232\" data-permalink=\"https:\/\/vitralesdelrosario.com.ar\/vitral\/presentacion\/estudio-daniel\/\" data-orig-file=\"https:\/\/i0.wp.com\/vitralesdelrosario.com.ar\/vitral\/wp-content\/uploads\/2015\/05\/estudio-daniel.jpg?fit=350%2C364&amp;ssl=1\" data-orig-size=\"350,364\" data-comments-opened=\"1\" data-image-meta=\"{&quot;aperture&quot;:&quot;0&quot;,&quot;credit&quot;:&quot;&quot;,&quot;camera&quot;:&quot;&quot;,&quot;caption&quot;:&quot;&quot;,&quot;created_timestamp&quot;:&quot;0&quot;,&quot;copyright&quot;:&quot;&quot;,&quot;focal_length&quot;:&quot;0&quot;,&quot;iso&quot;:&quot;0&quot;,&quot;shutter_speed&quot;:&quot;0&quot;,&quot;title&quot;:&quot;&quot;,&quot;orientation&quot;:&quot;0&quot;}\" data-image-title=\"estudio-daniel\" data-image-description=\"\" data-image-caption=\"\" data-medium-file=\"https:\/\/i0.wp.com\/vitralesdelrosario.com.ar\/vitral\/wp-content\/uploads\/2015\/05\/estudio-daniel.jpg?fit=288%2C300&amp;ssl=1\" data-large-file=\"https:\/\/i0.wp.com\/vitralesdelrosario.com.ar\/vitral\/wp-content\/uploads\/2015\/05\/estudio-daniel.jpg?fit=350%2C364&amp;ssl=1\" class=\"alignnone size-full wp-image-232\" src=\"https:\/\/i0.wp.com\/vitralesdelrosario.com.ar\/vitral\/wp-content\/uploads\/2015\/05\/estudio-daniel.jpg?resize=350%2C364&#038;ssl=1\" alt=\"estudio-daniel\" width=\"350\" height=\"364\" srcset=\"https:\/\/i0.wp.com\/vitralesdelrosario.com.ar\/vitral\/wp-content\/uploads\/2015\/05\/estudio-daniel.jpg?w=350&amp;ssl=1 350w, https:\/\/i0.wp.com\/vitralesdelrosario.com.ar\/vitral\/wp-content\/uploads\/2015\/05\/estudio-daniel.jpg?resize=288%2C300&amp;ssl=1 288w, https:\/\/i0.wp.com\/vitralesdelrosario.com.ar\/vitral\/wp-content\/uploads\/2015\/05\/estudio-daniel.jpg?resize=144%2C150&amp;ssl=1 144w\" sizes=\"auto, (max-width: 350px) 100vw, 350px\" data-recalc-dims=\"1\" \/><\/a><\/td>\n<td width=\"34\"><\/td>\n<td width=\"570\"><strong>Vitrales del Rosario<\/strong> nace a trav\u00e9s de la profundizaci\u00f3n de la arquitectura del vitraux.<\/p>\n<p>Daniel M. D\u00edaz Gotusso, arquitecto, dise\u00f1ador y restaurador profesional de vitrales, sucesor del \u00faltimo gran vitralista Gabriel Garc\u00eda \u2013 que fuera artista del antiguo taller de Salvador Buxadera, que a principios y mediados del siglo XX\u00a0 materializa la mayor parte de los vitrales construidos en la zona del Litoral Argentino y cuyo arte queda plasmado en grandes y numerosas obras \u00a0Patrimonio Hist\u00f3rico de la ciudad de Rosario y sus alrededores.<\/td>\n<\/tr>\n<\/tbody>\n<\/table>\n","protected":false},"excerpt":{"rendered":"<p>Vitrales del Rosario nace a trav\u00e9s de la profundizaci\u00f3n de la arquitectura del vitraux. Daniel M. D\u00edaz Gotusso, arquitecto, dise\u00f1ador y restaurador profesional de vitrales, sucesor del \u00faltimo gran vitralista Gabriel Garc\u00eda \u2013 que fuera artista del antiguo taller de Salvador Buxadera, que a principios y mediados del siglo XX\u00a0 \u2026<\/p>\n<p class=\"continue-reading-button\"> <a class=\"continue-reading-link\" href=\"https:\/\/vitralesdelrosario.com.ar\/vitral\/presentacion\/\">Continue reading<i class=\"crycon-right-dir\"><\/i><\/a><\/p>\n","protected":false},"author":1,"featured_media":0,"parent":0,"menu_order":0,"comment_status":"closed","ping_status":"closed","template":"","meta":{"ngg_post_thumbnail":0,"jetpack_post_was_ever_published":false,"footnotes":""},"class_list":["post-7","page","type-page","status-publish","hentry"],"jetpack_sharing_enabled":true,"jetpack_shortlink":"https:\/\/wp.me\/P6dcQG-7","_links":{"self":[{"href":"https:\/\/vitralesdelrosario.com.ar\/vitral\/wp-json\/wp\/v2\/pages\/7","targetHints":{"allow":["GET"]}}],"collection":[{"href":"https:\/\/vitralesdelrosario.com.ar\/vitral\/wp-json\/wp\/v2\/pages"}],"about":[{"href":"https:\/\/vitralesdelrosario.com.ar\/vitral\/wp-json\/wp\/v2\/types\/page"}],"author":[{"embeddable":true,"href":"https:\/\/vitralesdelrosario.com.ar\/vitral\/wp-json\/wp\/v2\/users\/1"}],"replies":[{"embeddable":true,"href":"https:\/\/vitralesdelrosario.com.ar\/vitral\/wp-json\/wp\/v2\/comments?post=7"}],"version-history":[{"count":16,"href":"https:\/\/vitralesdelrosario.com.ar\/vitral\/wp-json\/wp\/v2\/pages\/7\/revisions"}],"predecessor-version":[{"id":913,"href":"https:\/\/vitralesdelrosario.com.ar\/vitral\/wp-json\/wp\/v2\/pages\/7\/revisions\/913"}],"wp:attachment":[{"href":"https:\/\/vitralesdelrosario.com.ar\/vitral\/wp-json\/wp\/v2\/media?parent=7"}],"curies":[{"name":"wp","href":"https:\/\/api.w.org\/{rel}","templated":true}]}}

Presentación

<table style="height: 317px;" border="0" width="850" cellspacing="0" cellpadding="0">
<tbody>
<tr>
<td width="350"><a href="https://i0.wp.com/vitralesdelrosario.com.ar/vitral/wp-content/uploads/2015/05/estudio-daniel.jpg?ssl=1"><img loading="lazy" decoding="async" data-attachment-id="232" data-permalink="https://vitralesdelrosario.com.ar/vitral/presentacion/estudio-daniel/" data-orig-file="https://i0.wp.com/vitralesdelrosario.com.ar/vitral/wp-content/uploads/2015/05/estudio-daniel.jpg?fit=350%2C364&amp;ssl=1" data-orig-size="350,364" data-comments-opened="1" data-image-meta="{&quot;aperture&quot;:&quot;0&quot;,&quot;credit&quot;:&quot;&quot;,&quot;camera&quot;:&quot;&quot;,&quot;caption&quot;:&quot;&quot;,&quot;created_timestamp&quot;:&quot;0&quot;,&quot;copyright&quot;:&quot;&quot;,&quot;focal_length&quot;:&quot;0&quot;,&quot;iso&quot;:&quot;0&quot;,&quot;shutter_speed&quot;:&quot;0&quot;,&quot;title&quot;:&quot;&quot;,&quot;orientation&quot;:&quot;0&quot;}" data-image-title="estudio-daniel" data-image-description="" data-image-caption="" data-medium-file="https://i0.wp.com/vitralesdelrosario.com.ar/vitral/wp-content/uploads/2015/05/estudio-daniel.jpg?fit=288%2C300&amp;ssl=1" data-large-file="https://i0.wp.com/vitralesdelrosario.com.ar/vitral/wp-content/uploads/2015/05/estudio-daniel.jpg?fit=350%2C364&amp;ssl=1" class="alignnone size-full wp-image-232" src="https://i0.wp.com/vitralesdelrosario.com.ar/vitral/wp-content/uploads/2015/05/estudio-daniel.jpg?resize=350%2C364&#038;ssl=1" alt="estudio-daniel" width="350" height="364" srcset="https://i0.wp.com/vitralesdelrosario.com.ar/vitral/wp-content/uploads/2015/05/estudio-daniel.jpg?w=350&amp;ssl=1 350w, https://i0.wp.com/vitralesdelrosario.com.ar/vitral/wp-content/uploads/2015/05/estudio-daniel.jpg?resize=288%2C300&amp;ssl=1 288w, https://i0.wp.com/vitralesdelrosario.com.ar/vitral/wp-content/uploads/2015/05/estudio-daniel.jpg?resize=144%2C150&amp;ssl=1 144w" sizes="auto, (max-width: 350px) 100vw, 350px" data-recalc-dims="1" /></a></td>
<td width="34"></td>
<td width="570"><strong>Vitrales del Rosario</strong> nace a través de la profundización de la arquitectura del vitraux.</p>
<p>Daniel M. Díaz Gotusso, arquitecto, diseñador y restaurador profesional de vitrales, sucesor del último gran vitralista Gabriel García – que fuera artista del antiguo taller de Salvador Buxadera, que a principios y mediados del siglo XX  materializa la mayor parte de los vitrales construidos en la zona del Litoral Argentino y cuyo arte queda plasmado en grandes y numerosas obras  Patrimonio Histórico de la ciudad de Rosario y sus alrededores.</td>
</tr>
</tbody>
</table>

<p>Vitrales del Rosario nace a través de la profundización de la arquitectura del vitraux. Daniel M. Díaz Gotusso, arquitecto, diseñador y restaurador profesional de vitrales, sucesor del último gran vitralista Gabriel García – que fuera artista del antiguo taller de Salvador Buxadera, que a principios y mediados del siglo XX  …</p>
<p class="continue-reading-button"> <a class="continue-reading-link" href="https://vitralesdelrosario.com.ar/vitral/presentacion/">Continue reading<i class="crycon-right-dir"></i></a></p>
